612 - o. Is g prime?
True
Is 9861/57 - (-6)/(-1) prime?
True
Let f(g) = -g**3 - 35*g**2 + 105*g - 280. Is f(-87) a composite number?
False
Suppose 4*o = 3*o + 2. Suppose o*c - 21 - 65 = 0. Let b = -40 + c. Is b a composite number?
False
Let t be (-36)/24 - 117/(-6). Let q(k) = 186*k - 185. Is q(t) composite?
False
Is (36 + -40)*(-42)/8*(-12049)/(-3) prime?
False
Suppose 0 = 3*v - 7*v. Let t be 5/10*-4*(v + -1). Suppose t*c + 4*g - 7479 = -3*c, -c - 5*g + 1479 = 0. Is c composite?
False
Suppose -10*y = -8*y - 13620. Let q = y + -3926. Suppose 0 = 3*a + w - 8803 + q, -2*w + 5919 = 3*a. Is a a prime number?
True
Suppose -3*m + 0*b = 5*b + 10, -m - 4*b = 8. Suppose m = -50*l + 55*l - 13715. Is l a prime number?
False
Suppose 3*b - 5*m = 14064 + 27867, -2*b = -2*m - 27962. Is b a prime number?
False
Let g be -4 + (-31121 + -8)/7. Let l = 20722 + g. Is l prime?
False
Let n be (-24)/42 - 216/(-84). Suppose m + 11964 = 3*a, -n*m + 31486 - 11535 = 5*a. Is a composite?
False
Let a = -2865 + 4067. Let z be (3 + -1 - 2)/2. Suppose -4*q + 1506 + a = z. Is q a prime number?
True
Let r = 163 + -187. Is 3/8 + (-389967)/r composite?
False
Suppose 0 = -5*m + 15*k - 17*k + 390449, -234285 = -3*m + 4*k. Is m composite?
True
Suppose 24*d - 27*d - 12 = 0. Is -28*3098/d - 2/2 a prime number?
False
Suppose -5*r + 111317 = -3848. Suppose 5*g - 115225 = 2*p, -g + 0*p - 2*p + r = 0. Is g prime?
False
Let z = -57 + 104. Suppose -146335 = -z*r + 12*r. Is r composite?
True
Let n = -3398 - -7318. Let d(z) = 11*z - 41. Let q be d(4). Suppose -4*m = -q*k + 2919, k + 4*m - n = -3*k. Is k composite?
False
Suppose 3*s + 5*r - 315982 = 0, 4*s + 78936 = -r + 500268. Is s composite?
True
Let q(b) = 264*b - 71. Let y be q(18). Let j = y + -2864. Is j a prime number?
False
Let s(j) = -1774*j**3 - j**2 - 2*j + 1. Let o be s(-1). Suppose y - 3554 = -4*d, 4*y - o = -2*d + 3*y. Is d a prime number?
False
Suppose 4*m - 620422 = -3*z, 215*z = 3*m + 213*z - 465291. Is m a composite number?
True
Let g = -8 - 9. Let v(w) = -w**3 - 18*w**2 - 18*w - 12. Let h be v(g). Suppose -h*u + 158 = -6*k + 5*k, 121 = 4*u + k. Is u prime?
True
Let t be (39/(-12))/(0 + 4/17456). Let i = t + 9829. Let z = -1575 - i. Is z composite?
True
Suppose 4*l + 35 = -h, 4*h = -0*l + 3*l - 64. Let d = -41 + h. Is (d/(-75))/(4/190) composite?
True
Is -9*14/(-42) + (-8)/2 - -39500 a prime number?
True
Let w(d) = -2*d**2 + 7. Let i(l) = -l. Let s(a) = 4*i(a) - w(a). Let p be s(6). Suppose -2148 = -7*r - p. Is r prime?
False
Let a(l) = -94*l + 89. Let c be a(-32). Suppose 25*y - 39872 = -c. Is y a prime number?
True
Let q(v) = 5*v - 9 - 2*v - 2*v - 4*v. Let m be q(-7). Suppose 5*i = m*i - 9751. Is i prime?
False
Let m(v) = -990*v - 1421. Is m(-42) a composite number?
True
Let i be (16 + -4942)/(4/(-70)). Suppose 0*k - i = -21*k. Is k a prime number?
False
Is (-4 + 238/42)/(5/2102253) a prime number?
True
Let z = -113833 - -160610. Is z prime?
False
Let g = 887151 + -583334. Is g composite?
False
Let w(p) = -35569*p + 2446. Is w(-3) composite?
True
Let y(k) = 8 + 0*k + k - 168*k**3 - 2*k**2 + 4*k**2 + 0*k. Is y(-3) a prime number?
False
Suppose 2*u = -2*m + 5*m - 739, 5*m - 4*u = 1231. Let g = m - 120. Is g a prime number?
True
Suppose -3*o + 0*o + 45 = 2*v, 4*o - 65 = -3*v. Suppose 11*j = v*j - 8. Suppose -4*n = -2*n + 3*f - 433, -j*f = 2*n - 436. Is n a prime number?
False
Let s = 21664 + -21627. Let z = -66 + 93. Suppose -z*v + s*v - 3470 = 0. Is v a prime number?
True
Let z = 23 + -21. Suppose -4*l = -a - 5128, -l - z*l + 2*a = -3846. Suppose 2*h = -0*h + l. Is h composite?
False
Let t(q) = -5*q**3 + 2*q**2 - 2. Let k be t(-1). Let s(m) = 4*m**3 - 6*m**2 + 6*m + 1. Let z be s(k). Let g = z - 263. Is g a prime number?
False
Let k(g) = 68*g**3 - 14*g**2 + 8*g + 6. Let f be k(6). Suppose 0 = 3*o - n - f, -3*n + 3388 + 6115 = 2*o. Is o composite?
True
Suppose 3177*q + 2166346 = 3191*q. Is q prime?
False
Let j be (916/14)/2 - (-26)/91. Let i = -33 + j. Suppose w + 0 - 3 = i, 312 = 3*r - 5*w. Is r a composite number?
False
Suppose -h + 41805 = -134334. Suppose -u + h = 8*u. Is u a prime number?
True
Suppose -z - 70 = 5*n - 62, 2*z = 5*n + 29. Suppose -z*h = -34*h + 480789. Is h a prime number?
True
Let b(h) = 868*h**2 + 1. Let w be b(1). Let g be w - -2*(-2)/4. Suppose 5*q - g - 1387 = 0. Is q a prime number?
False
Let z(r) = -1892*r**2 - r + 1. Let o(w) = 1891*w**2 + 2*w - 2. Let q(h) = -2*o(h) - 3*z(h). Let c be q(1). Is (-1)/3 + c/3 composite?
False
Let r = 1160 + 87. Let g = r - -150. Is g composite?
True
Let f = 45932 + 72821. Is f prime?
False
Suppose 6*t + 0 = 24. Suppose 0 = -4*h + t*z + 68, 6*z - 9 = 3*z. Suppose h*k = 22*k - 470. Is k prime?
False
Let z = 268901 - 143280. Suppose 0 = 19*p - z - 33390. Is p composite?
False
Let p = -87316 - -160145. Is p prime?
False
Suppose 2*s + 12*s = 53*s - 2890563. Is s prime?
False
Let i(k) = -k**2 - 5*k + 32. Let s be i(-9). Is 3/(-6)*(-3645 - 4/s) a composite number?
True
Let p(w) = 694*w**2 - 41*w - 750. Is p(-17) a composite number?
False
Let t(p) = 88*p**2 + 13*p + 65. Let w(x) = 8*x - 310. Let h be w(38). Is t(h) composite?
True
Let k(x) = x**3 + 8*x**2 + 12*x + 5. Let c be k(-6). Suppose -2*r - 2*n + 25 = 3*n, 3*n - 34 = -c*r. Suppose 0 = -r*d - 221 + 666. Is d a composite number?
False
Let a(d) = -3*d**3 - 95*d**2 - 67*d - 182. Is a(-51) composite?
True
Suppose 5419*v - 5410*v = 1507473. Is v composite?
True
Let o(a) = 3*a - 13. Let c be o(5). Is 1 + c/(-3) - (-27724)/6 composite?
False
Let s(r) = 2223*r - 4309. Is s(6) prime?
True
Let j(d) = -258*d + 23. Let p(n) = -259*n + 24. Let y = -73 + 80. Let a(w) = y*j(w) - 6*p(w). Is a(-16) a composite number?
False
Let j(q) = 6946*q + 7291. Is j(21) composite?
True
Is (160432 + (-306)/(-34))/(2*1/2) prime?
True
Let q(l) = -11*l**3 - 92*l**2 + 167*l + 163. Is q(-50) a composite number?
False
Let q be 52546/8 - 1/4. Suppose -11810 = -5*s + o, -3*s + 3*o + q = -506. Is s a prime number?
False
Suppose 52*j = 825229 + 169063. Is j a prime number?
True
Let k(s) = -2*s**2 + 9*s - 8. Let v be k(4). Let r(o) = o**2 - 4*o - 11. Let m(t) = t**2 - 9*t - 21. Let b(f) = v*m(f) + 7*r(f). Is b(14) prime?
False
Let l(o) = o**2 - 8*o + 20. Let p be l(5). Suppose 4*h - 26 = -2*j, -5*j - 10 = -4*h - p. Suppose 5*x - 4*u = -6*u + 1079, 0 = j*x + 5*u - 636. Is x prime?
False
Let u(v) = -3798*v**3 + 2*v**2 + v - 4. Let h be u(1). Let c = 8198 + h. Is c a composite number?
True
Suppose 3*l - 12*h = -15*h + 593667, 2*h - 4 = 0. Is l composite?
False
Suppose 35 = -3*p + 11. Suppose 54*o = 59*o + 75. Is p/(-10)*51*o/(-18) a composite number?
True
Let p(o) = o**2 - o - 36. Let m be p(9). Suppose 0 = m*j - 52674 - 1552170. Is j a composite number?
False
Let l(a) = -5*a - 48. Let t be l(-17). Let u = 9 - t. Is 230 + 7/(u/(-12)) a prime number?
True
Let f(p) = -9*p**3 - p + 4. Suppose v - 3*y = -12 - 1, 5*y - 27 = -v. Let x be f(v). Is (-1)/(-5) + (-33936)/x a prime number?
False
Let q(b) = 8703*b + 2278. Is q(13) a composite number?
True
Let s(q) = -q**2 + 8*q - 9. Suppose -14 = 4*m - r - 41, -m = 2*r. Let v be s(m). Suppose x = v*x - 1246. Is x a prime number?
False
Is (-31)/((-62)/149094) + 14 composite?
False
Let a be 5/5*(5 - (-15)/(-3)). Suppose 2*o - 3*w - 71327 = a, -73 + 68 = -w. Is o prime?
True
Let b = -63105 - -183328. Is b composite?
False
Let a(i) = 7889*i + 2164. Is a(11) a composite number?
True
Let x be ((-2)/4)/((-2)/244). Let v = 40 - x. Is 2960/14 - ((-18)/v)/2 composite?
False
Suppose -459 = 6*m - 10185. Let g be (2 + m)/(-1 + (-20)/(-8)). Suppose -6*i + g = -4*i. Is i a prime number?
True
Let j(o) = -47591*o + 5159. Is j(-4) prime?
False
Suppose 1466 = -4*c - 2270. Let j = c + 4935. Suppose 4*l - 2*q = 3548, -j = -3*l + 4*q - 1340. Is l a prime number?
True
Let x(w) = 25*w**3 - 8*w**2 - 57*w + 623. Is x(16) a composite number?
True
Suppose -1491487 = -9*r + 498111 - 381469. Is r a composite number?
False
Is ((-2781461)/7 - 468/(-819))*-1 prime?
True
Suppose 4*u - 6*u = -12. Suppose -u*p + 5*w = -2*p - 2368, -1198 = -2*p - w. Suppose -4*m + p = -3879. Is m a composite number?
True
Is ((-1734456)/6)/(-24 + 20) a prime number?
True
Let g(h) = -1044*h + 20. Let x be g(-9). Is (-18)/(-153) - x/(-17) a prime number?
False
Suppose -3*h =